 -1b8 + 353?
19b
In base 5, what is 202 - -10444?
11201
In base 6, what is 1450 + 110?
2000
In base 11, what is 5a039 + -1?
5a038
In base 11, what is 542 - 260?
292
In base 13, what is -1945cb - -4?
-1945c7
In base 7, what is -535516 + 5?
-535511
In base 6, what is 4420 + 42?
4502
In base 14, what is -622 - -76?
-58a
In base 4, what is 1110202312 + 1?
1110202313
In base 13, what is -2 + -53c36?
-53c38
In base 2, what is 101110000 - 100111?
101001001
In base 15, what is 5 - -141968?
14196d
In base 13, what is -3417 - -c2?
-3325
In base 8, what is -10253636 + -3?
-10253641
In base 5, what is 1142003 + 4?
1142012
In base 13, what is 2c924 + 1a?
2c941
In base 11, what is 155 - 6?
14a
In base 5, what is 4 - 331144314?
-331144310
In base 7, what is -1352 - 140?
-1522
In base 2, what is -10010000 - -101111001?
11101001
In base 12, what is 79 + 1780?
1839
In base 13, what is -98b - bc?
-a7a
In base 7, what is 35330 + 1?
35331
In base 11, what is -6215a2 - 3?
-6215a5
In base 12, what is 236 - 25a9?
-2373
In base 7, what is -14 - 5502?
-5516
In base 12, what is -192 + 162b?
1459
In base 6, what is -5 + -5545432?
-5545441
In base 12, what is -5ba01 - 5?
-5ba06
In base 14, what is -3 + 20127d?
20127a
In base 6, what is 11 + -300120?
-300105
In base 11, what is -6 + -3a0?
-3a6
In base 10, what is 1123838 - 1?
1123837
In base 7, what is -443210 + -1?
-443211
In base 13, what is -50a - 88?
-595
In base 13, what is 3 + -522b3?
-522b0
In base 12, what is 259b68 + -4?
259b64
In base 13, what is -3a30 + -8a?
-3aba
In base 13, what is 0 - -2686b?
2686b
In base 16, what is 2870 + -5?
286b
In base 7, what is 1 - 40612?
-40611
In base 6, what is 103 + 10303?
10410
In base 11, what is -2 + -11156?
-11158
In base 16, what is c + 3c2?
3ce
In base 7, what is 104160 - 45?
104112
In base 4, what is 2022 + -310332?
-302310
In base 3, what is 110011012202 - -11?
110011012220
In base 15, what is d0ee - 21?
d0cd
In base 5, what is -3031020421 + -1?
-3031020422
In base 16, what is -fb - df?
-1da
In base 13, what is -63a700 + -1?
-63a701
In base 16, what is -393a - 5?
-393f
In base 14, what is -b7 + -933?
-a0a
In base 9, what is 34480 - -26?
34516
In base 15, what is 0 + a814?
a814
In base 14, what is 14b + bd?
22a
In base 8, what is -34311 + 516?
-33573
In base 16, what is 14 - 81e?
-80a
In base 2, what is 1111110101101010 + -1000?
1111110101100010
In base 4, what is -310212313 - -10?
-310212303
In base 16, what is -45e + 16b?
-2f3
In base 2, what is 1011010010011110 - -1?
1011010010011111
In base 3, what is -100100201 - 10?
-100100211
In base 16, what is 6 + 3721?
3727
In base 14, what is 67 - -95b?
9c4
In base 4, what is 120 + 1312?
2032
In base 16, what is -6 + -9d3?
-9d9
In base 8, what is -222742 + 5?
-222735
In base 3, what is -10 + -110020210211?
-110020210221
In base 11, what is 4 + -435712?
-435709
In base 15, what is 72db7 - -4?
72dbb
In base 11, what is 1241 + -274?
a78
In base 4, what is 0 - -1003220223?
1003220223
In base 8, what is 3232 + -1371?
1641
In base 9, what is -55 + -2535?
-2601
In base 13, what is 560 - 261?
2cc
In base 2, what is 10010010001111101 - -100?
10010010010000001
In base 3, what is 2012102202 + 21?
2012110000
In base 5, what is -3 + -20240210?
-20240213
In base 14, what is 8a6a - a?
8a60
In base 7, what is 10 - 16126?
-16116
In base 13, what is 2 + -1b5820?
-1b581b
In base 4, what is -12230 - -1?
-12223
In base 9, what is -14 - 2775?
-2800
In base 9, what is -107 + -1020?
-1127
In base 12, what is -8 + 3687b?
36873
In base 6, what is -25 - 314342?
-314411
In base 11, what is -a585 - -2?
-a583
In base 13, what is 1c26 + 8?
1c31
In base 2, what is 1101010101111 + -1?
1101010101110
In base 14, what is 0 + c49b?
c49b
In base 15, what is 3 + 198a4?
198a7
In base 3, what is -220202211 + -10?
-220202221
In base 11, what is -1 - 3888?
-3889
In base 3, what is -1021 - 102102?
-110200
In base 9, what is 102 + 1036?
1138
In base 6, what is 2 - 2520413?
-2520411
In base 10, what is -5 + 19817?
19812
In base 11, what is 6 - -582?
588
In base 10, what is 1792 - 163?
1629
In base 4, what is 33013 + 10100?
103113
In base 3, what is -101 - -100222022020?
100222021212
In base 4, what is 2230233 - -2?
2230301
In base 4, what is -1002233230 + 3?
-1002233221
In base 16, what is 203 - -1ce?
3d1
In base 3, what is -2120 - 1122012?
-1201202
In base 6, what is -2 - -114?
112
In base 11, what is 12a52 - -4?
12a56
In base 15, what is -1405 - 3?
-1408
In base 9, what is 32 + -28681?
-28648
In base 12, what is 745202 + 5?
745207
In base 3, what is 1002 + -112220212?
-112212210
In base 12, what is -94 - 1a300?
-1a394
In base 11, what is 54 + 1a?
73
In base 14, what is -1c5 - -5?
-1c0
In base 15, what is -22049 - -4?
-22045
In base 12, what is -b51928 - -3?
-b51925
In base 9, what is 12 - 41047?
-41035
In base 13, what is -1a - -5873?
5856
In base 14, what is -a3a2 + -5?
-a3a7
In base 3, what is -11001002 + 1000?
-11000002
In base 16, what is -2d2 - 33?
-305
In base 8, what is -1 - -11403?
11402
In base 9, what is -281 - -154?
-126
In base 9, what is -4633 + -1213?
-5846
In base 2, what is -101 - 100110101101100?
-100110101110001
In base 14, what is -1971 - -44?
-192b
In base 15, what is a44 + -1ae?
885
In base 14, what is 5 - 2451?
-244a
In base 6, what is -1 - 233252?
-233253
In base 2, what is -10110100111010110001 - -11?
-10110100111010101110
In base 13, what is -19a8 - 5?
-19b0
In base 11, what is -17594 - 5?
-17599
In base 15, what is 731d + 0?
731d
In base 8, what is -11 + -1411?
-1422
In base 16, what is 89c20 + -1?
89c1f
In base 13, what is 3 + -7c019?
-7c016
In base 15, what is 42801 + -16?
427da
In base 6, what is -5 - 253554?
-254003
In base 5, what is -443 - -212?
-231
In base 12, what is -117 - -1b?
-b8
In base 7, what is 4664 - 111?
4553
In base 8, what is 20704 - 5?
20677
In base 10, what is -17524 - 12?
-17536
In base 10, what is 88697 - -1?
88698
In base 7, what is -322661 - -3?
-322655
In base 11, what is 6694 + 0?
6694
In base 9, what is 11737 - 166?
11561
In base 14, what is -3 - 8776?
-8779
In base 7, what is -414 - 2604?
-3321
In base 2, what is 1101010010100111 - -1110?
1101010010110101
In base 6, what is 10012 + 22?
10034
In base 4, what is 3122223 - -11?
3122300
In base 14, what is 210285 - -4?
210289
In base 6, what is -153312 - 22?
-153334
In base 10, what is 4 + -5442?
-5438
In base 8, what is -11724 - -66?
-11636
In base 3, what is -20200 + -1110?
-22010
In base 14, what is -126d9 + 0?
-126d9
In base 7, what is -5 + -5244666?
-5245004
In base 7, what is 26520 + 36?
26556
In base 12, what is -25256 - -5?
-25251
In base 4, what is -1211 + -1002000?
-1003211
In base 11, what is 38149 - -3?
38151
In base 4, what is -30 + -1102020?
-1102110
In base 6, what is 31225540 + -1?
31225535
In base 11, what is -4320 - -6?
-4315
In base 4, what is -1030 - 122320?
-130010
In base 16, what is -67 + 1c1?
15a
In base 3, what is -1110121 + -1110120?
-2221011
In base 2, what is 1 - -101010111000101?
101010111000110
In base 12, what is 2 - -a8698?
a869a
In base 15, what is 4 - -9908?
990c
In base 11, what is -577637 - -5?
-577632
In base 14, what is -453 - -2d8?
-159
In base 14, what is -1 + 450?
44d
In base 5, what is 1333 + -313?
1020
In base 13, what is 1119 - 996?
453
In base 9, what is -44304 - 18?
-44323
In base 8, what is -523 - 101?
-624
In base 15, what is -b96 - -63?
-b33
In base 9, what is 234 + -6716?
-6472
In base 2, what is -110010100111110 - -100?
-110010100111010
In base 9, what is 7552 + 8?
7561
In base 11, what is -5 + -421748?
-421752
In base 16, what is 25 - 32e?
-309
In base 4, what is -1321200323 - 11?
-1321201000
In base 15, what is c4 - 205?
-131
In base 2, what is 10000101111001 - -10000?
10000110001001
In base 2, what is -10110011 - -100010111101?
100000001010
In base 11, what is a - -57387?
57396
In base 3, what is 2122100 + -110?
2121220
In base 14, what is -7b49 - 5?
-7b50
In base 12, what is 2 + 3a607?
3a609
In base 8, what is -36753 + -41?
-37014
In base 6, what is -3 + -22535?
-22542
In base 8, what is -7060 - 122?
-7202
In base 15, what is -422 + 5?
-41c
In base 10, what is -16833 + 42?
-16791
In base 7, what is 1263 - 6111?
-4515
In base 8, what is -6266 - 357?
-6645
In base 10, what is 5 + -137506?
-137501
In base 12, what i